{"id":2388,"date":"2023-07-14T18:25:05","date_gmt":"2023-07-14T17:25:05","guid":{"rendered":"https:\/\/oliverlehmann.com\/?page_id=2388"},"modified":"2024-10-18T07:55:45","modified_gmt":"2024-10-18T06:55:45","slug":"public_speaking","status":"publish","type":"page","link":"https:\/\/oliverlehmann.com\/de\/support\/public_speaking\/","title":{"rendered":"Vortr\u00e4ge auf Firmenevents"},"content":{"rendered":"<div class=\"wp-block-cover alignfull\" style=\"min-height:430px;aspect-ratio:unset;\"><span aria-hidden=\"true\" class=\"wp-block-cover__background has-background-dim-60 has-background-dim\"><\/span><img loading=\"lazy\" decoding=\"async\" width=\"1197\" height=\"409\" class=\"wp-block-cover__image-background wp-image-2407\" alt=\"\" src=\"https:\/\/oliverlehmann.com\/wp-content\/uploads\/2023\/07\/Speaking-1.jpg\" style=\"object-position:71% 13%\" data-object-fit=\"cover\" data-object-position=\"71% 13%\" srcset=\"https:\/\/oliverlehmann.com\/wp-content\/uploads\/2023\/07\/Speaking-1.jpg 1197w, https:\/\/oliverlehmann.com\/wp-content\/uploads\/2023\/07\/Speaking-1-300x103.jpg 300w, https:\/\/oliverlehmann.com\/wp-content\/uploads\/2023\/07\/Speaking-1-1024x350.jpg 1024w, https:\/\/oliverlehmann.com\/wp-content\/uploads\/2023\/07\/Speaking-1-768x262.jpg 768w\" sizes=\"auto, (max-width: 1197px) 100vw, 1197px\" \/><div class=\"wp-block-cover__inner-container is-layout-flow wp-block-cover-is-layout-flow\">\n<h1 class=\"gutenakitid-41cd1d4e-29b4-423e-b764-99cecf6bc7e1  wp-block-heading has-text-align-center has-large-font-size\">Machen Sie Projektgesch\u00e4ft zum Thema Ihrer Veranstaltung <\/h1>\n\n\n\n<h1 class=\"gutenakitid-e9db8940-fedb-40d4-a8c0-4af79d156159  wp-block-heading has-text-align-center has-large-font-size\">Vortr\u00e4ge f\u00fcr Firmen<\/h1>\n<\/div><\/div>\n\n\n\n<p class=\"gutenakitid-aeeed969-02a9-4c7e-a0a6-9f63e059693e  has-text-align-center\">Auf dieser Seite: <a href=\"#speaking\" title=\"\">Vortr\u00e4ge<\/a><\/p>\n\n\n\n<div class=\"wp-block-columns is-layout-flex wp-container-core-columns-is-layout-7466b548 wp-block-columns-is-layout-flex\" style=\"padding-top:var(--wp--preset--spacing--30);padding-right:var(--wp--preset--spacing--30);padding-bottom:var(--wp--preset--spacing--30);padding-left:var(--wp--preset--spacing--30)\">\n<div class=\"wp-block-column is-layout-flow wp-block-column-is-layout-flow\" style=\"flex-basis:100%\">\n<figure class=\"wp-block-image aligncenter size-large is-resized has-custom-border\"><img loading=\"lazy\" decoding=\"async\" src=\"\/wp-content\/uploads\/2023\/06\/Logo-sphere-1024x743.png\" alt=\"\" class=\"wp-image-998\" style=\"border-top-style:none;border-top-width:0px;border-bottom-style:none;border-bottom-width:0px\" width=\"110\" height=\"80\" srcset=\"https:\/\/oliverlehmann.com\/wp-content\/uploads\/2023\/06\/Logo-sphere-1024x743.png 1024w, https:\/\/oliverlehmann.com\/wp-content\/uploads\/2023\/06\/Logo-sphere-300x218.png 300w, https:\/\/oliverlehmann.com\/wp-content\/uploads\/2023\/06\/Logo-sphere-768x557.png 768w, https:\/\/oliverlehmann.com\/wp-content\/uploads\/2023\/06\/Logo-sphere.png 1059w\" sizes=\"auto, (max-width: 110px) 100vw, 110px\" \/><\/figure>\n<\/div>\n<\/div>\n\n\n\n<h2 class=\"wp-block-heading alignwide has-text-align-center\" id=\"speaking\">Ich spreche auf Ihrer Veranstaltung<\/h2>\n\n\n\n<div class=\"wp-block-columns is-layout-flex wp-container-core-columns-is-layout-28f84493 wp-block-columns-is-layout-flex\">\n<div class=\"wp-block-column is-layout-flow wp-block-column-is-layout-flow\" style=\"flex-basis:33.33%\">\n<figure class=\"wp-block-image size-large\"><img loading=\"lazy\" decoding=\"async\" width=\"1024\" height=\"683\" src=\"\/wp-content\/uploads\/2023\/07\/image-55-1024x683.png\" alt=\"Oliver F. Lehmann speaking at an event of the PMI Hungary Chapter\" class=\"wp-image-2395\" srcset=\"https:\/\/oliverlehmann.com\/wp-content\/uploads\/2023\/07\/image-55-1024x683.png 1024w, https:\/\/oliverlehmann.com\/wp-content\/uploads\/2023\/07\/image-55-300x200.png 300w, https:\/\/oliverlehmann.com\/wp-content\/uploads\/2023\/07\/image-55-768x512.png 768w, https:\/\/oliverlehmann.com\/wp-content\/uploads\/2023\/07\/image-55-1536x1024.png 1536w, https:\/\/oliverlehmann.com\/wp-content\/uploads\/2023\/07\/image-55.png 1920w\" sizes=\"auto, (max-width: 1024px) 100vw, 1024px\" \/><\/figure>\n<\/div>\n\n\n\n<div class=\"gutenakitid-7e244bb0-b22c-495b-8414-83359a2b087a  wp-block-column is-layout-flow wp-block-column-is-layout-flow\" style=\"flex-basis:66.66%\">\n<blockquote class=\"wp-block-quote is-layout-flow wp-block-quote-is-layout-flow\">\n<p class=\"gutenakitid-3c4811de-d698-4137-9b3c-cada658a0c6a\" > Sie suchen einen versierten (Keynote-)Speaker?&nbsp;<\/p>\n<\/blockquote>\n\n\n\n<p><a href=\"\/de\/trainer\/speaking\/\" title=\"Vortr\u00e4ge\">Klicken Sie hier f\u00fcr vergangene und kommende Aufgaben<\/a>.<\/p>\n\n\n\n<p>Leidenschaftlich und inspirierend, aber auch mit inhaltlicher Tiefe? Zu Themen, die Ihr Publikum noch Wochen nach der Veranstaltung diskutieren wird?<\/p>\n\n\n\n<p>Ich bringe jahrelange Erfahrung in der Durchf\u00fchrung unterhaltsamer und aufschlussreicher Pr\u00e4sentationsreden auf globalen Kongressen, Konferenzen und Firmenveranstaltungen mit. Ich spreche vorher mit den Organisationen \u00fcber die Botschaft, die sie dem Publikum vermittelt sehen m\u00f6chten, und baue meine Vortr\u00e4ge darauf auf.<\/p>\n\n\n\n<p>Oder ich zeige meine bew\u00e4hrten Pr\u00e4sentationen, die viel Storytelling nutzen, um Botschaften zu vermitteln \u00fcber:<\/p>\n\n\n\n<div class=\"wp-block-gutena-accordion gutena-accordion-block gutena-accordion-block-603eef-a1 is-layout-flow wp-block-accordion-is-layout-flow\" data-single=\"true\">\n<div class=\"wp-block-gutena-accordion-panel gutena-accordion-block__panel\">\n<div class=\"wp-block-gutena-accordion-panel-title gutena-accordion-block__panel-title\"><div class=\"gutena-accordion-block__panel-title-inner\">\n<h6 class=\"wp-block-heading has-text-align-left\" style=\"margin-top:0px;margin-right:0px;margin-bottom:0px;margin-left:0px\">Situatives Projektmanagement:<br><\/h6>\n<div class=\"trigger-up-down\"><div class=\"horizontal\"><\/div><div class=\"vertical\"><\/div><\/div><\/div><\/div>\n\n\n\n<div class=\"wp-block-gutena-accordion-panel-content gutena-accordion-block__panel-content\"><div class=\"gutena-accordion-block__panel-content-inner\">\n<div class=\"gutenakitid-8e68faa0-9716-447f-a998-e7805421cffd  wp-block-group is-vertical is-layout-flex wp-container-core-group-is-layout-fe9cc265 wp-block-group-is-layout-flex\">\n<p style=\"margin-top:0;margin-bottom:0\" class=\"gutenakitid-e1cad118-407d-4233-9fb8-b6737ea1b111 has-medium-font-size\" > Wie Praktiken sorgf\u00e4ltig ausgew\u00e4hlt und an bestimmte Situationen angepasst werden m\u00fcssen \u2013 dieselbe Praxis, die gestern erfolgreich war, kann in Zukunft scheitern.<\/p>\n<\/div>\n\n\n\n<figure class=\"wp-block-image size-large\"><img loading=\"lazy\" decoding=\"async\" width=\"1024\" height=\"653\" src=\"\/wp-content\/uploads\/2023\/07\/Speaking-on-Situational-Project-Management-1024x653.png\" alt=\"Speaking on Situational Project Management\" class=\"wp-image-2413\" srcset=\"https:\/\/oliverlehmann.com\/wp-content\/uploads\/2023\/07\/Speaking-on-Situational-Project-Management-1024x653.png 1024w, https:\/\/oliverlehmann.com\/wp-content\/uploads\/2023\/07\/Speaking-on-Situational-Project-Management-300x191.png 300w, https:\/\/oliverlehmann.com\/wp-content\/uploads\/2023\/07\/Speaking-on-Situational-Project-Management-768x490.png 768w, https:\/\/oliverlehmann.com\/wp-content\/uploads\/2023\/07\/Speaking-on-Situational-Project-Management-1536x980.png 1536w, https:\/\/oliverlehmann.com\/wp-content\/uploads\/2023\/07\/Speaking-on-Situational-Project-Management.png 1888w\" sizes=\"auto, (max-width: 1024px) 100vw, 1024px\" \/><\/figure>\n<\/div><\/div>\n<\/div>\n\n\n\n<div class=\"wp-block-gutena-accordion-panel gutena-accordion-block__panel\">\n<div class=\"wp-block-gutena-accordion-panel-title gutena-accordion-block__panel-title\"><div class=\"gutena-accordion-block__panel-title-inner\">\n<h6 class=\"wp-block-heading has-text-align-left\" style=\"margin-top:0px;margin-right:0px;margin-bottom:0px;margin-left:0px\">Projektgesch\u00e4ftsf\u00fchrung:<\/h6>\n<div class=\"trigger-up-down\"><div class=\"horizontal\"><\/div><div class=\"vertical\"><\/div><\/div><\/div><\/div>\n\n\n\n<div class=\"wp-block-gutena-accordion-panel-content gutena-accordion-block__panel-content\"><div class=\"gutena-accordion-block__panel-content-inner\">\n<div class=\"gutenakitid-b72db113-8201-4e31-a58f-25b21ec34fa0  wp-block-group is-vertical is-layout-flex wp-container-core-group-is-layout-fe9cc265 wp-block-group-is-layout-flex\">\n<p style=\"margin-top:0;margin-bottom:0\">Heute wird mehr Projektarbeit ausgelagert als je zuvor. Allerdings bringt das unternehmens\u00fcbergreifende Projektmanagement neue Anforderungen mit sich, denen sich Fachkr\u00e4fte stellen m\u00fcssen.<\/p>\n<\/div>\n\n\n\n<figure class=\"wp-block-image size-large\"><img loading=\"lazy\" decoding=\"async\" width=\"1024\" height=\"576\" src=\"\/wp-content\/uploads\/2023\/07\/image-56-1024x576.png\" alt=\"\" class=\"wp-image-2414\" srcset=\"https:\/\/oliverlehmann.com\/wp-content\/uploads\/2023\/07\/image-56-1024x576.png 1024w, https:\/\/oliverlehmann.com\/wp-content\/uploads\/2023\/07\/image-56-300x169.png 300w, https:\/\/oliverlehmann.com\/wp-content\/uploads\/2023\/07\/image-56-768x432.png 768w, https:\/\/oliverlehmann.com\/wp-content\/uploads\/2023\/07\/image-56-1536x864.png 1536w, https:\/\/oliverlehmann.com\/wp-content\/uploads\/2023\/07\/image-56.png 1600w\" sizes=\"auto, (max-width: 1024px) 100vw, 1024px\" \/><\/figure>\n<\/div><\/div>\n<\/div>\n<\/div>\n<\/div>\n<\/div>\n\n\n\n<div class=\"wp-block-columns is-layout-flex wp-container-core-columns-is-layout-28f84493 wp-block-columns-is-layout-flex\">\n<div class=\"gutenakitid-c66c8a13-5134-4dd8-b135-9380f7c5ffc5  wp-block-column is-layout-flow wp-block-column-is-layout-flow\">\n<p class=\"gutenakitid-8f65b6ac-da4b-42ea-98ee-2daa8839bc00  has-text-align-center\"><a href=\"\/de\/contact\/\" target=\"_blank\" rel=\"noopener\" title=\"Kontakt\">Hier anfragen<\/a><\/p>\n<\/div>\n<\/div>","protected":false},"excerpt":{"rendered":"<p>Auf dieser Seite: Reden Reden auf Ihrer Veranstaltung Sie suchen einen versierten (Keynote-)Speaker? Klicken Sie hier f\u00fcr vergangene und kommende Aufgaben. Leidenschaftlich und inspirierend, aber auch mit inhaltlicher Tiefe? Sprechen Sie \u00fcber Themen, die Ihr Publikum noch Wochen nach der Veranstaltung diskutieren wird? Ich bringe jahrelange Erfahrung in der Durchf\u00fchrung von Pr\u00e4sentationsreden mit, die [\u2026]<\/p>","protected":false},"author":1,"featured_media":2556,"parent":2165,"menu_order":4,"comment_status":"closed","ping_status":"closed","template":"","meta":{"footnotes":""},"class_list":["post-2388","page","type-page","status-publish","has-post-thumbnail","hentry"],"aioseo_notices":[],"_links":{"self":[{"href":"https:\/\/oliverlehmann.com\/de\/wp-json\/wp\/v2\/pages\/2388","targetHints":{"allow":["GET"]}}],"collection":[{"href":"https:\/\/oliverlehmann.com\/de\/wp-json\/wp\/v2\/pages"}],"about":[{"href":"https:\/\/oliverlehmann.com\/de\/wp-json\/wp\/v2\/types\/page"}],"author":[{"embeddable":true,"href":"https:\/\/oliverlehmann.com\/de\/wp-json\/wp\/v2\/users\/1"}],"replies":[{"embeddable":true,"href":"https:\/\/oliverlehmann.com\/de\/wp-json\/wp\/v2\/comments?post=2388"}],"version-history":[{"count":16,"href":"https:\/\/oliverlehmann.com\/de\/wp-json\/wp\/v2\/pages\/2388\/revisions"}],"predecessor-version":[{"id":4081,"href":"https:\/\/oliverlehmann.com\/de\/wp-json\/wp\/v2\/pages\/2388\/revisions\/4081"}],"up":[{"embeddable":true,"href":"https:\/\/oliverlehmann.com\/de\/wp-json\/wp\/v2\/pages\/2165"}],"wp:featuredmedia":[{"embeddable":true,"href":"https:\/\/oliverlehmann.com\/de\/wp-json\/wp\/v2\/media\/2556"}],"wp:attachment":[{"href":"https:\/\/oliverlehmann.com\/de\/wp-json\/wp\/v2\/media?parent=2388"}],"curies":[{"name":"wp","href":"https:\/\/api.w.org\/{rel}","templated":true}]}}

Vorträge auf Firmenevents

<div class="wp-block-cover alignfull" style="min-height:430px;aspect-ratio:unset;"><span aria-hidden="true" class="wp-block-cover__background has-background-dim-60 has-background-dim"></span><img loading="lazy" decoding="async" width="1197" height="409" class="wp-block-cover__image-background wp-image-2407" alt="" src="https://oliverlehmann.com/wp-content/uploads/2023/07/Speaking-1.jpg" style="object-position:71% 13%" data-object-fit="cover" data-object-position="71% 13%" srcset="https://oliverlehmann.com/wp-content/uploads/2023/07/Speaking-1.jpg 1197w, https://oliverlehmann.com/wp-content/uploads/2023/07/Speaking-1-300x103.jpg 300w, https://oliverlehmann.com/wp-content/uploads/2023/07/Speaking-1-1024x350.jpg 1024w, https://oliverlehmann.com/wp-content/uploads/2023/07/Speaking-1-768x262.jpg 768w" sizes="auto, (max-width: 1197px) 100vw, 1197px" /><div class="wp-block-cover__inner-container is-layout-flow wp-block-cover-is-layout-flow">
<h1 class="gutenakitid-41cd1d4e-29b4-423e-b764-99cecf6bc7e1  wp-block-heading has-text-align-center has-large-font-size">Machen Sie Projektgeschäft zum Thema Ihrer Veranstaltung </h1>



<h1 class="gutenakitid-e9db8940-fedb-40d4-a8c0-4af79d156159  wp-block-heading has-text-align-center has-large-font-size">Vorträge für Firmen</h1>
</div></div>



<p class="gutenakitid-aeeed969-02a9-4c7e-a0a6-9f63e059693e  has-text-align-center">Auf dieser Seite: <a href="#speaking" title="">Vorträge</a></p>



<div class="wp-block-columns is-layout-flex wp-container-core-columns-is-layout-7466b548 wp-block-columns-is-layout-flex" style="padding-top:var(--wp--preset--spacing--30);padding-right:var(--wp--preset--spacing--30);padding-bottom:var(--wp--preset--spacing--30);padding-left:var(--wp--preset--spacing--30)">
<div class="wp-block-column is-layout-flow wp-block-column-is-layout-flow" style="flex-basis:100%">
<figure class="wp-block-image aligncenter size-large is-resized has-custom-border"><img loading="lazy" decoding="async" src="/wp-content/uploads/2023/06/Logo-sphere-1024x743.png" alt="" class="wp-image-998" style="border-top-style:none;border-top-width:0px;border-bottom-style:none;border-bottom-width:0px" width="110" height="80" srcset="https://oliverlehmann.com/wp-content/uploads/2023/06/Logo-sphere-1024x743.png 1024w, https://oliverlehmann.com/wp-content/uploads/2023/06/Logo-sphere-300x218.png 300w, https://oliverlehmann.com/wp-content/uploads/2023/06/Logo-sphere-768x557.png 768w, https://oliverlehmann.com/wp-content/uploads/2023/06/Logo-sphere.png 1059w" sizes="auto, (max-width: 110px) 100vw, 110px" /></figure>
</div>
</div>



<h2 class="wp-block-heading alignwide has-text-align-center" id="speaking">Ich spreche auf Ihrer Veranstaltung</h2>



<div class="wp-block-columns is-layout-flex wp-container-core-columns-is-layout-28f84493 wp-block-columns-is-layout-flex">
<div class="wp-block-column is-layout-flow wp-block-column-is-layout-flow" style="flex-basis:33.33%">
<figure class="wp-block-image size-large"><img loading="lazy" decoding="async" width="1024" height="683" src="/wp-content/uploads/2023/07/image-55-1024x683.png" alt="Oliver F. Lehmann speaking at an event of the PMI Hungary Chapter" class="wp-image-2395" srcset="https://oliverlehmann.com/wp-content/uploads/2023/07/image-55-1024x683.png 1024w, https://oliverlehmann.com/wp-content/uploads/2023/07/image-55-300x200.png 300w, https://oliverlehmann.com/wp-content/uploads/2023/07/image-55-768x512.png 768w, https://oliverlehmann.com/wp-content/uploads/2023/07/image-55-1536x1024.png 1536w, https://oliverlehmann.com/wp-content/uploads/2023/07/image-55.png 1920w" sizes="auto, (max-width: 1024px) 100vw, 1024px" /></figure>
</div>



<div class="gutenakitid-7e244bb0-b22c-495b-8414-83359a2b087a  wp-block-column is-layout-flow wp-block-column-is-layout-flow" style="flex-basis:66.66%">
<blockquote class="wp-block-quote is-layout-flow wp-block-quote-is-layout-flow">
<p class="gutenakitid-3c4811de-d698-4137-9b3c-cada658a0c6a" > Sie suchen einen versierten (Keynote-)Speaker?&nbsp;</p>
</blockquote>



<p><a href="/de/trainer/speaking/" title="Vorträge">Klicken Sie hier für vergangene und kommende Aufgaben</a>.</p>



<p>Leidenschaftlich und inspirierend, aber auch mit inhaltlicher Tiefe? Zu Themen, die Ihr Publikum noch Wochen nach der Veranstaltung diskutieren wird?</p>



<p>Ich bringe jahrelange Erfahrung in der Durchführung unterhaltsamer und aufschlussreicher Präsentationsreden auf globalen Kongressen, Konferenzen und Firmenveranstaltungen mit. Ich spreche vorher mit den Organisationen über die Botschaft, die sie dem Publikum vermittelt sehen möchten, und baue meine Vorträge darauf auf.</p>



<p>Oder ich zeige meine bewährten Präsentationen, die viel Storytelling nutzen, um Botschaften zu vermitteln über:</p>



<div class="wp-block-gutena-accordion gutena-accordion-block gutena-accordion-block-603eef-a1 is-layout-flow wp-block-accordion-is-layout-flow" data-single="true">
<div class="wp-block-gutena-accordion-panel gutena-accordion-block__panel">
<div class="wp-block-gutena-accordion-panel-title gutena-accordion-block__panel-title"><div class="gutena-accordion-block__panel-title-inner">
<h6 class="wp-block-heading has-text-align-left" style="margin-top:0px;margin-right:0px;margin-bottom:0px;margin-left:0px">Situatives Projektmanagement:<br></h6>
<div class="trigger-up-down"><div class="horizontal"></div><div class="vertical"></div></div></div></div>



<div class="wp-block-gutena-accordion-panel-content gutena-accordion-block__panel-content"><div class="gutena-accordion-block__panel-content-inner">
<div class="gutenakitid-8e68faa0-9716-447f-a998-e7805421cffd  wp-block-group is-vertical is-layout-flex wp-container-core-group-is-layout-fe9cc265 wp-block-group-is-layout-flex">
<p style="margin-top:0;margin-bottom:0" class="gutenakitid-e1cad118-407d-4233-9fb8-b6737ea1b111 has-medium-font-size" > Wie Praktiken sorgfältig ausgewählt und an bestimmte Situationen angepasst werden müssen – dieselbe Praxis, die gestern erfolgreich war, kann in Zukunft scheitern.</p>
</div>



<figure class="wp-block-image size-large"><img loading="lazy" decoding="async" width="1024" height="653" src="/wp-content/uploads/2023/07/Speaking-on-Situational-Project-Management-1024x653.png" alt="Speaking on Situational Project Management" class="wp-image-2413" srcset="https://oliverlehmann.com/wp-content/uploads/2023/07/Speaking-on-Situational-Project-Management-1024x653.png 1024w, https://oliverlehmann.com/wp-content/uploads/2023/07/Speaking-on-Situational-Project-Management-300x191.png 300w, https://oliverlehmann.com/wp-content/uploads/2023/07/Speaking-on-Situational-Project-Management-768x490.png 768w, https://oliverlehmann.com/wp-content/uploads/2023/07/Speaking-on-Situational-Project-Management-1536x980.png 1536w, https://oliverlehmann.com/wp-content/uploads/2023/07/Speaking-on-Situational-Project-Management.png 1888w" sizes="auto, (max-width: 1024px) 100vw, 1024px" /></figure>
</div></div>
</div>



<div class="wp-block-gutena-accordion-panel gutena-accordion-block__panel">
<div class="wp-block-gutena-accordion-panel-title gutena-accordion-block__panel-title"><div class="gutena-accordion-block__panel-title-inner">
<h6 class="wp-block-heading has-text-align-left" style="margin-top:0px;margin-right:0px;margin-bottom:0px;margin-left:0px">Projektgeschäftsführung:</h6>
<div class="trigger-up-down"><div class="horizontal"></div><div class="vertical"></div></div></div></div>



<div class="wp-block-gutena-accordion-panel-content gutena-accordion-block__panel-content"><div class="gutena-accordion-block__panel-content-inner">
<div class="gutenakitid-b72db113-8201-4e31-a58f-25b21ec34fa0  wp-block-group is-vertical is-layout-flex wp-container-core-group-is-layout-fe9cc265 wp-block-group-is-layout-flex">
<p style="margin-top:0;margin-bottom:0">Heute wird mehr Projektarbeit ausgelagert als je zuvor. Allerdings bringt das unternehmensübergreifende Projektmanagement neue Anforderungen mit sich, denen sich Fachkräfte stellen müssen.</p>
</div>



<figure class="wp-block-image size-large"><img loading="lazy" decoding="async" width="1024" height="576" src="/wp-content/uploads/2023/07/image-56-1024x576.png" alt="" class="wp-image-2414" srcset="https://oliverlehmann.com/wp-content/uploads/2023/07/image-56-1024x576.png 1024w, https://oliverlehmann.com/wp-content/uploads/2023/07/image-56-300x169.png 300w, https://oliverlehmann.com/wp-content/uploads/2023/07/image-56-768x432.png 768w, https://oliverlehmann.com/wp-content/uploads/2023/07/image-56-1536x864.png 1536w, https://oliverlehmann.com/wp-content/uploads/2023/07/image-56.png 1600w" sizes="auto, (max-width: 1024px) 100vw, 1024px" /></figure>
</div></div>
</div>
</div>
</div>
</div>



<div class="wp-block-columns is-layout-flex wp-container-core-columns-is-layout-28f84493 wp-block-columns-is-layout-flex">
<div class="gutenakitid-c66c8a13-5134-4dd8-b135-9380f7c5ffc5  wp-block-column is-layout-flow wp-block-column-is-layout-flow">
<p class="gutenakitid-8f65b6ac-da4b-42ea-98ee-2daa8839bc00  has-text-align-center"><a href="/de/contact/" target="_blank" rel="noopener" title="Kontakt">Hier anfragen</a></p>
</div>
</div>

<p>Auf dieser Seite: Reden Reden auf Ihrer Veranstaltung Sie suchen einen versierten (Keynote-)Speaker? Klicken Sie hier für vergangene und kommende Aufgaben. Leidenschaftlich und inspirierend, aber auch mit inhaltlicher Tiefe? Sprechen Sie über Themen, die Ihr Publikum noch Wochen nach der Veranstaltung diskutieren wird? Ich bringe jahrelange Erfahrung in der Durchführung von Präsentationsreden mit, die […]</p>
